{"id":17198,"date":"2024-08-08T16:56:36","date_gmt":"2024-08-08T16:56:36","guid":{"rendered":"https:\/\/www.maventur.com\/?post_type=room&#038;p=17198"},"modified":"2024-08-08T16:56:36","modified_gmt":"2024-08-08T16:56:36","slug":"apartamento-los-flamencos-terrace-5","status":"publish","type":"room","link":"https:\/\/www.maventur.com\/en\/room\/apartamento-los-flamencos-terrace-5\/","title":{"rendered":"Apartamento Los Flamencos Terrace 5*"},"content":{"rendered":"","protected":false},"excerpt":{"rendered":"","protected":false},"author":1,"featured_media":17216,"template":"","meta":{"inline_featured_image":false,"yasr_overall_rating":5,"yasr_post_is_review":"","yasr_auto_insert_disabled":"yes","yasr_review_type":"","yasr_pro_reviews_in_comment_enabled":0,"footnotes":""},"room_category":[5998],"room_tag":[6005,6007,6249,6006,6248,6004],"room_location":[5991,5993,5992,5990,5995,5994,5997,5996],"class_list":["post-17198","room","type-room","status-publish","has-post-thumbnail","hentry","room_category-hotel","room_tag-benalmadena","room_tag-costa-del-sol","room_tag-hoteles-5-estrellas","room_tag-malaga","room_tag-vincci","room_tag-vincci-seleccion-aleysa","room_location-andalucia","room_location-benalmadena","room_location-costa-del-sol","room_location-espana","room_location-fuengirola","room_location-malaga-centro","room_location-puerto-banus","room_location-torremolinos"],"yasr_visitor_votes":{"number_of_votes":0,"sum_votes":0,"stars_attributes":{"read_only":false,"span_bottom":false}},"yoast_head":"<!-- This site is optimized with the Yoast SEO plugin v27.5 - https:\/\/yoast.com\/product\/yoast-seo-wordpress\/ -->\n<title>Apartamento Los Flamencos Terrace 5* - Maventur.com<\/title>\n<meta name=\"description\" content=\"Marbella es una ciudad ubicada en la costa sur de Espa\u00f1a, en la provincia de M\u00e1laga, dentro de la regi\u00f3n de Andaluc\u00eda.\" \/>\n<meta name=\"robots\" content=\"index, follow, max-snippet:-1, max-image-preview:large, max-video-preview:-1\" \/>\n<link rel=\"canonical\" href=\"https:\/\/www.maventur.com\/en\/room\/apartamento-los-flamencos-terrace-5\/\" \/>\n<!-- \/ Yoast SEO plugin. -->","yoast_head_json":{"title":"Apartamento Los Flamencos Terrace 5* - Maventur.com","description":"Marbella es una ciudad ubicada en la costa sur de Espa\u00f1a, en la provincia de M\u00e1laga, dentro de la regi\u00f3n de Andaluc\u00eda.","robots":{"index":"index","follow":"follow","max-snippet":"max-snippet:-1","max-image-preview":"max-image-preview:large","max-video-preview":"max-video-preview:-1"},"canonical":"https:\/\/www.maventur.com\/en\/room\/apartamento-los-flamencos-terrace-5\/","schema":{"@context":"https:\/\/schema.org","@graph":[{"@type":"WebPage","@id":"https:\/\/www.maventur.com\/room\/apartamento-los-flamencos-terrace-5\/","url":"https:\/\/www.maventur.com\/room\/apartamento-los-flamencos-terrace-5\/","name":"Apartamento Los Flamencos Terrace 5* - Maventur.com","isPartOf":{"@id":"https:\/\/www.maventur.com\/#website"},"primaryImageOfPage":{"@id":"https:\/\/www.maventur.com\/room\/apartamento-los-flamencos-terrace-5\/#primaryimage"},"image":{"@id":"https:\/\/www.maventur.com\/room\/apartamento-los-flamencos-terrace-5\/#primaryimage"},"thumbnailUrl":"https:\/\/www.maventur.com\/wp-content\/uploads\/2024\/08\/Gfoto653-20-genteel-home-apartment-guadalmina-los-flamencos-terrace-marbella-20230503-113644.jpg","datePublished":"2024-08-08T16:56:36+00:00","description":"Marbella es una ciudad ubicada en la costa sur de Espa\u00f1a, en la provincia de M\u00e1laga, dentro de la regi\u00f3n de Andaluc\u00eda.","breadcrumb":{"@id":"https:\/\/www.maventur.com\/room\/apartamento-los-flamencos-terrace-5\/#breadcrumb"},"inLanguage":"en-GB","potentialAction":[{"@type":"ReadAction","target":["https:\/\/www.maventur.com\/room\/apartamento-los-flamencos-terrace-5\/"]}]},{"@type":"ImageObject","inLanguage":"en-GB","@id":"https:\/\/www.maventur.com\/room\/apartamento-los-flamencos-terrace-5\/#primaryimage","url":"https:\/\/www.maventur.com\/wp-content\/uploads\/2024\/08\/Gfoto653-20-genteel-home-apartment-guadalmina-los-flamencos-terrace-marbella-20230503-113644.jpg","contentUrl":"https:\/\/www.maventur.com\/wp-content\/uploads\/2024\/08\/Gfoto653-20-genteel-home-apartment-guadalmina-los-flamencos-terrace-marbella-20230503-113644.jpg","width":1260,"height":840},{"@type":"BreadcrumbList","@id":"https:\/\/www.maventur.com\/room\/apartamento-los-flamencos-terrace-5\/#breadcrumb","itemListElement":[{"@type":"ListItem","position":1,"name":"Portada","item":"https:\/\/www.maventur.com\/"},{"@type":"ListItem","position":2,"name":"Apartamento Los Flamencos Terrace 5*"}]},{"@type":"WebSite","@id":"https:\/\/www.maventur.com\/#website","url":"https:\/\/www.maventur.com\/","name":"Maventur.com","description":"Expertos en Viajes a Medida por el Mundo","potentialAction":[{"@type":"SearchAction","target":{"@type":"EntryPoint","urlTemplate":"https:\/\/www.maventur.com\/?s={search_term_string}"},"query-input":{"@type":"PropertyValueSpecification","valueRequired":true,"valueName":"search_term_string"}}],"inLanguage":"en-GB"}]}},"_links":{"self":[{"href":"https:\/\/www.maventur.com\/en\/wp-json\/wp\/v2\/room\/17198","targetHints":{"allow":["GET"]}}],"collection":[{"href":"https:\/\/www.maventur.com\/en\/wp-json\/wp\/v2\/room"}],"about":[{"href":"https:\/\/www.maventur.com\/en\/wp-json\/wp\/v2\/types\/room"}],"author":[{"embeddable":true,"href":"https:\/\/www.maventur.com\/en\/wp-json\/wp\/v2\/users\/1"}],"version-history":[{"count":0,"href":"https:\/\/www.maventur.com\/en\/wp-json\/wp\/v2\/room\/17198\/revisions"}],"wp:featuredmedia":[{"embeddable":true,"href":"https:\/\/www.maventur.com\/en\/wp-json\/wp\/v2\/media\/17216"}],"wp:attachment":[{"href":"https:\/\/www.maventur.com\/en\/wp-json\/wp\/v2\/media?parent=17198"}],"wp:term":[{"taxonomy":"room_category","embeddable":true,"href":"https:\/\/www.maventur.com\/en\/wp-json\/wp\/v2\/room_category?post=17198"},{"taxonomy":"room_tag","embeddable":true,"href":"https:\/\/www.maventur.com\/en\/wp-json\/wp\/v2\/room_tag?post=17198"},{"taxonomy":"room_location","embeddable":true,"href":"https:\/\/www.maventur.com\/en\/wp-json\/wp\/v2\/room_location?post=17198"}],"curies":[{"name":"wp","href":"https:\/\/api.w.org\/{rel}","templated":true}]}}

<!-- This site is optimized with the Yoast SEO plugin v27.5 - https://yoast.com/product/yoast-seo-wordpress/ -->
<title>Apartamento Los Flamencos Terrace 5* - Maventur.com</title>
<meta name="description" content="Marbella es una ciudad ubicada en la costa sur de España, en la provincia de Málaga, dentro de la región de Andalucía." />
<meta name="robots" content="index, follow, max-snippet:-1, max-image-preview:large, max-video-preview:-1" />
<link rel="canonical" href="https://www.maventur.com/en/room/apartamento-los-flamencos-terrace-5/" />
<!-- / Yoast SEO plugin. -->

Marbella es una ciudad ubicada en la costa sur de España, en la provincia de Málaga, dentro de la región de Andalucía.
